{"id":12,"date":"2013-03-25T19:56:29","date_gmt":"2013-03-25T18:56:29","guid":{"rendered":"http:\/\/mediacion-gimarc.umh.es\/investigadores\/eva-maria-polo-arevalo\/"},"modified":"2025-01-08T14:19:31","modified_gmt":"2025-01-08T13:19:31","slug":"eva-maria-polo-arevalo","status":"publish","type":"page","link":"https:\/\/mediacion-gimarc.umh.es\/ca\/investigadores\/eva-maria-polo-arevalo\/","title":{"rendered":"<span lang=\"es\">(Espa\u00f1ol) Eva Maria Polo Ar\u00e9valo<\/span>"},"content":{"rendered":"<p><a href=\"https:\/\/mediacion-gimarc.umh.es\/files\/2025\/01\/GIMARC-PEQ.png\"><img loading=\"lazy\" class=\"size-full wp-image-131 aligncenter\" src=\"https:\/\/mediacion-gimarc.umh.es\/files\/2025\/01\/GIMARC-PEQ.png\" alt=\"\" width=\"191\" height=\"144\" \/><\/a><\/p>\n<p>Eva Mar\u00eda Polo Ar\u00e9valo \u00e9s Professora Titular del Departament de Ci\u00e8ncia Jur\u00eddica de la Universitat Miguel Hern\u00e1ndez i Directora del grup d&#8217;investigaci\u00f3 *GIMARC.<\/p>\n<p>Doctora en Dret l&#8217;any 2002 per la tesi defesa sota el t\u00edtol *Conceptus *nondum *natus en el Dret Rom\u00e0: R\u00e8gim successori, va obtindre la qualificaci\u00f3 d&#8217;Excel\u00b7lent cum laude per unanimitat. Va obtindre el Premi extraordinari de doctorat. 2002.<\/p>\n<p>T\u00e9 reconeguts 3 sexennis d&#8217;investigaci\u00f3 i 5 quinquennis docents.<\/p>\n<p>Ha sigut advocat en exercici especialitzada en Dret civil des de l&#8217;any 1992 fins a l&#8217;any 2000, en qu\u00e8 es va incorporar a temps complet a la Universitat, i Magistrada suplent en l&#8217;Audi\u00e8ncia Provincial d&#8217;Alacant, des de l&#8217;any 2011 fins al 2015.<\/p>\n<p>Ha ocupat els c\u00e0rrecs de Secret\u00e0ria de Departament i Vicerectora Adjunta d&#8217;Estudiants.<\/p>\n<p>Ha sigut coordinadora del Programa de Doctorat \u201cDret, Pol\u00edtica i Just\u00edcia\u201d, del curs Expert Universitari i Imatge i M\u00e0rqueting personal i del M\u00e0ster en Direcci\u00f3 d&#8217;Empreses Consultora en Protocol, Gesti\u00f3 d&#8217;Esdeveniments i Congressos, Comunicaci\u00f3 i Relacions Institucionals. Cursos 2005-2006, 2006-2007.<\/p>\n<p>Ha pertangut com a vocal a la Comissi\u00f3 de Codificaci\u00f3 del Dret civil valenci\u00e0.<\/p>\n<p>Ha obtingut el premi \u201cExcel\u00b7l\u00e8ncia docent\u201d en la sexta Convocat\u00f2ria Premis del Consell Social de l&#8217;any 2011, els premis al talent docent en els anys 2018 i 2021 i la Placa d&#8217;Honor de l&#8217;Escola Internacional de Protocol.<\/p>\n<p>Dades de contacte:<\/p>\n<p>E-mail:\u00a0eva.polo@umh.es<\/p>\n<p>Despatx: *Edif. *Torrevaillo &#8211; Campus d&#8217;Elx.<\/p>\n<p>Publicacions rellevants:<\/p>\n<p>\u201cOpus facere: Una aportaci\u00f3n de las fuentes jur\u00eddicas romanas en la sistematizaci\u00f3n de las obligaciones\u201d, en RIDROM: Revista Internacional de Derecho Romano, n\u00ba. 32, 2024, p\u00e1gs. 361 y ss.<\/p>\n<p>\u201cSer humano, persona, subiectum iuris: la difficilis quaestio de la protecci\u00f3n del nasciturus\u201d, en El sujeto de derecho: Experiencia jur\u00eddica romana y actualidad, Coord. Bernardo Peri\u00f1\u00e1n G\u00f3mez, Granada, 2024, p\u00e1gs. 35 y ss.<\/p>\n<p>\u201cPoder de disposici\u00f3n del demandado sobre el objeto del litigio: precedentes y actualidad del allanamiento a la demanda\u201d, en Revista Internacional de Derecho Romano, n\u00ba. 31, 2023, p\u00e1gs. 190-242.<\/p>\n<p>\u201cEl abandono del reci\u00e9n nacido: bases para la reinterpretaci\u00f3n del Derecho romano en el ius commune y en el Derecho actual\u201d, en La proyecci\u00f3n del Derecho romano en los textos y en la ciencia jur\u00eddica universal: temas y ejemplos, Coord. por Amparo Monta\u00f1ana Casan\u00ed y Mar\u00eda del Carmen L\u00e1zaro Guillam\u00f3n, Castell\u00f3n, 2023, p\u00e1gs. 649 y ss.<\/p>\n<p>\u201cConfessus pro iudicato est qui quodammodo sententia sua\u201d, en <em>Pervivencia actual de los aforismos jur\u00eddico latinos<\/em>, Argentina, 2022, p\u00e1gs. 697 y ss.<\/p>\n<p>&#8220;Tratamiento de la diligencia en las fuentes romanas: especial referencia a la diligentia quam in suis rebus adhibere solet en el \u00e1mbito contractual\u201d, en Revista General de Derecho Romano. Iustel. Junio 2021.<\/p>\n<p>\u201cEn torno a la &#8220;reasonable person&#8221; como modelo de conducta para la armonizaci\u00f3n del derecho europeo\u201d, en Fundamentos Roman\u00edsticos del Derecho Europeo e Iberoamericano, Bolet\u00edn Oficial del Estado, Madrid, 2019, P\u00e1gs. 163-181.<\/p>\n<p>\u201cFundamentos romanisticos del legatum rei alienae\u201d, en Fundamentos del derecho sucesorio actual. Marcial Pons. 2018. P\u00e1gs. 581-598.<\/p>\n<p>\u201cLa responsabilidad en la locatio-conductio operis: algunas consideraciones desde la perspectiva de los bonae fidei iudicia\u201d. En\u00a0 A locatio-conductio influ\u00eancia nos direitos atuais. Universidade Lus\u00edada, 2018.<\/p>\n<p>\u201cOn the reception of the praesumptio muciana into Spanish Law\u201d, en RIDROM: N\u00ba. 18, 2017, p\u00e1gs. 62-87.<\/p>\n<p>\u201cAlgunas consideraciones sobre la praesumptio muciana en el derecho romano y su recepci\u00f3n en el derecho catal\u00e1n\u201d, En coautor\u00eda con Dom\u00ednguez, P. En Homenaje Torrent. Dykinson, 2016. P\u00e1gs. 251-273.<\/p>\n<p>\u201cEl control de transparencia bancario: una aplicaci\u00f3n actual del principio in ambiguis contra stipulatorem en las clausulas predispuestas\u201d, en Derecho de obligaciones: la importancia del derecho romano en la \u00e9poca contempor\u00e1nea. Bologna University Press. 2016. P\u00e1gs. 473-491.<\/p>\n<p>\u201cLa actio exercitoria como medio para garantizar la seguridad jur\u00eddica en el tr\u00e1fico negocial mar\u00edtimo\u201d. En La actividad de la banca y los negocios mercantiles en el Mare Nostrum. THOMSON. 2015. P\u00e1gs. 253-270.<\/p>\n<p>&#8220;Evoluci\u00f3n de la naturaleza de la emptio venditio por la progresiva incorporaci\u00f3n de la forma escrita en la pr\u00e1ctica contractual romana\u201d, en Revista Jur\u00eddica de FA7, <a href=\"https:\/\/dialnet.unirioja.es\/ejemplar\/487780\">Vol. 12, N\u00ba. 1, 2015<\/a>,\u00a0p\u00e1gs.\u00a0121-142.<\/p>\n<p>&#8220;Una reflexi\u00f3n actual del principio de interpretaci\u00f3n in ambiguitas contra stipulationem&#8221;, en RIDROM, n\u00ba 15, 2015.<\/p>\n<p>Consideraciones en torno a la res quae publicis usibus destinatae sunt. En Fundamenta Iuris. Terminolog\u00eda, principios e interpretatio. UNEO. 2013. P\u00e1gs. 167-179.<\/p>\n<p>Concepto y naturaleza jur\u00eddica de la leg\u00edtima en derecho sucesorio espa\u00f1ol: precedentes y actualidad. RIDROM, n\u00ba 10. 2013, pp. 331-376.<\/p>\n<p>El v\u00ednculo de parentesco como fundamento de incapacidades y prohibiciones matrimoniales. <a href=\"https:\/\/dialnet.unirioja.es\/servlet\/revista?codigo=12452\">RIDROM<\/a>, <a href=\"https:\/\/dialnet.unirioja.es\/ejemplar\/301228\">N\u00ba. 8, 2012<\/a>,\u00a0p\u00e1gs.\u00a0228-273<\/p>\n<p><em>Igualdad y filiaci\u00f3n: Estudio de la discriminaci\u00f3n de los hijos por raz\u00f3n de su nacimiento<\/em><em>, <\/em>ref. Ed. Thomson-Reuters-Aranzadi. Navarra. 2011.<\/p>\n<p><em>\u00a0&#8220;<\/em>Consideraciones en torno a las res quae publici usibus destinatae sunt&#8221;, en <em>Fundamenta Iuris: terminolog\u00eda, principios e interpretatio<\/em>. Almer\u00eda. 2011, p\u00e1gs. 167-178.<\/p>\n<p>La reforma pol\u00edtica de Diocleciano. En Estudios sobre Diocleciano, Dikynson. Madrid, 2010. P\u00e1gs. 181-196.<\/p>\n<p>Qui alieniam rem vendiderit. Incidencia del dolo en las transmisiones a non domino en el derecho romano cl\u00e1sico. Revista General de Derecho Romano. IUSTEL, n\u00ba 14, junio 2010.<\/p>\n<p>Consideraci\u00f3n del Constitutum debiti como garant\u00eda personal abstracta. Revista de la Facultade de Direito da Universidade de Lisboa. Edi\u00e7ao especial. O sistema contractual romano: de Roma ao Direito actual. Maio 2010.<\/p>\n<p>&#8220;G\u00e9nesis y desarrollo de las instituciones pol\u00edticas y jur\u00eddicas de la rep\u00fablica romana&#8221;, en <em>Cine y Derecho en trece pel\u00edculas<\/em>. 2008, p\u00e1gs. 45-67.<\/p>\n<p><em>Adaptaci\u00f3n al Espacio Europeo de Educaci\u00f3n Superior de los m\u00e9todos docentes y sistemas de evaluaci\u00f3n en la ense\u00f1anza del Derecho Romano. <\/em>AIDROM. 2008, ISSN: 1988-740X.<\/p>\n<p>&#8220;Incidencia del instrumentum en la concepci\u00f3n consensual de la emptio-venditio<em>&#8220;, <\/em><em>El Derecho Comercial: de Roma al Derecho moderno<\/em>. Las Palmas de Gran Canaria, 2007, p\u00e1gs. 719-745.<\/p>\n<p><em>Conceptus nondum natus en el Derecho Romano: R\u00e9gimen sucesorio,<\/em>\u00a0Madrid. 2002.<\/p>\n<p><a href=\"https:\/\/dialnet.unirioja.es\/servlet\/autor?codigo=339578\">Perfil Dialnet Eva Mar\u00eda Polo Ar\u00e9valo<\/a><\/p>","protected":false},"excerpt":{"rendered":"<p>Eva Mar\u00eda Polo Ar\u00e9valo \u00e9s Professora Titular del Departament de Ci\u00e8ncia Jur\u00eddica de la Universitat Miguel Hern\u00e1ndez i Directora del grup d&#8217;investigaci\u00f3 *GIMARC.<br \/>\nDoctora en Dret l&#8217;any 2002 per la tesi defesa sota el t\u00edtol *Conceptus *nondum *natus en el Dret Rom\u00e0: R\u00e8gim successori, va obtindre la qualificaci\u00f3 d&#8217;Excel\u00b7lent cum laude per unanimitat. Va obtindre el [&#8230;]<\/p>\n","protected":false},"author":195,"featured_media":0,"parent":10,"menu_order":1,"comment_status":"closed","ping_status":"closed","template":"","meta":{"_links_to":"","_links_to_target":""},"_links":{"self":[{"href":"https:\/\/mediacion-gimarc.umh.es\/ca\/wp-json\/wp\/v2\/pages\/12"}],"collection":[{"href":"https:\/\/mediacion-gimarc.umh.es\/ca\/wp-json\/wp\/v2\/pages"}],"about":[{"href":"https:\/\/mediacion-gimarc.umh.es\/ca\/wp-json\/wp\/v2\/types\/page"}],"author":[{"embeddable":true,"href":"https:\/\/mediacion-gimarc.umh.es\/ca\/wp-json\/wp\/v2\/users\/195"}],"replies":[{"embeddable":true,"href":"https:\/\/mediacion-gimarc.umh.es\/ca\/wp-json\/wp\/v2\/comments?post=12"}],"version-history":[{"count":0,"href":"https:\/\/mediacion-gimarc.umh.es\/ca\/wp-json\/wp\/v2\/pages\/12\/revisions"}],"up":[{"embeddable":true,"href":"https:\/\/mediacion-gimarc.umh.es\/ca\/wp-json\/wp\/v2\/pages\/10"}],"wp:attachment":[{"href":"https:\/\/mediacion-gimarc.umh.es\/ca\/wp-json\/wp\/v2\/media?parent=12"}],"curies":[{"name":"wp","href":"https:\/\/api.w.org\/{rel}","templated":true}]}}

<span lang="es">(Español) Eva Maria Polo Arévalo</span>

<p><a href="https://mediacion-gimarc.umh.es/files/2025/01/GIMARC-PEQ.png"><img loading="lazy" class="size-full wp-image-131 aligncenter" src="https://mediacion-gimarc.umh.es/files/2025/01/GIMARC-PEQ.png" alt="" width="191" height="144" /></a></p>
<p>Eva María Polo Arévalo és Professora Titular del Departament de Ciència Jurídica de la Universitat Miguel Hernández i Directora del grup d&#8217;investigació *GIMARC.</p>
<p>Doctora en Dret l&#8217;any 2002 per la tesi defesa sota el títol *Conceptus *nondum *natus en el Dret Romà: Règim successori, va obtindre la qualificació d&#8217;Excel·lent cum laude per unanimitat. Va obtindre el Premi extraordinari de doctorat. 2002.</p>
<p>Té reconeguts 3 sexennis d&#8217;investigació i 5 quinquennis docents.</p>
<p>Ha sigut advocat en exercici especialitzada en Dret civil des de l&#8217;any 1992 fins a l&#8217;any 2000, en què es va incorporar a temps complet a la Universitat, i Magistrada suplent en l&#8217;Audiència Provincial d&#8217;Alacant, des de l&#8217;any 2011 fins al 2015.</p>
<p>Ha ocupat els càrrecs de Secretària de Departament i Vicerectora Adjunta d&#8217;Estudiants.</p>
<p>Ha sigut coordinadora del Programa de Doctorat “Dret, Política i Justícia”, del curs Expert Universitari i Imatge i Màrqueting personal i del Màster en Direcció d&#8217;Empreses Consultora en Protocol, Gestió d&#8217;Esdeveniments i Congressos, Comunicació i Relacions Institucionals. Cursos 2005-2006, 2006-2007.</p>
<p>Ha pertangut com a vocal a la Comissió de Codificació del Dret civil valencià.</p>
<p>Ha obtingut el premi “Excel·lència docent” en la sexta Convocatòria Premis del Consell Social de l&#8217;any 2011, els premis al talent docent en els anys 2018 i 2021 i la Placa d&#8217;Honor de l&#8217;Escola Internacional de Protocol.</p>
<p>Dades de contacte:</p>
<p>E-mail: eva.polo@umh.es</p>
<p>Despatx: *Edif. *Torrevaillo &#8211; Campus d&#8217;Elx.</p>
<p>Publicacions rellevants:</p>
<p>“Opus facere: Una aportación de las fuentes jurídicas romanas en la sistematización de las obligaciones”, en RIDROM: Revista Internacional de Derecho Romano, nº. 32, 2024, págs. 361 y ss.</p>
<p>“Ser humano, persona, subiectum iuris: la difficilis quaestio de la protección del nasciturus”, en El sujeto de derecho: Experiencia jurídica romana y actualidad, Coord. Bernardo Periñán Gómez, Granada, 2024, págs. 35 y ss.</p>
<p>“Poder de disposición del demandado sobre el objeto del litigio: precedentes y actualidad del allanamiento a la demanda”, en Revista Internacional de Derecho Romano, nº. 31, 2023, págs. 190-242.</p>
<p>“El abandono del recién nacido: bases para la reinterpretación del Derecho romano en el ius commune y en el Derecho actual”, en La proyección del Derecho romano en los textos y en la ciencia jurídica universal: temas y ejemplos, Coord. por Amparo Montañana Casaní y María del Carmen Lázaro Guillamón, Castellón, 2023, págs. 649 y ss.</p>
<p>“Confessus pro iudicato est qui quodammodo sententia sua”, en <em>Pervivencia actual de los aforismos jurídico latinos</em>, Argentina, 2022, págs. 697 y ss.</p>
<p>&#8220;Tratamiento de la diligencia en las fuentes romanas: especial referencia a la diligentia quam in suis rebus adhibere solet en el ámbito contractual”, en Revista General de Derecho Romano. Iustel. Junio 2021.</p>
<p>“En torno a la &#8220;reasonable person&#8221; como modelo de conducta para la armonización del derecho europeo”, en Fundamentos Romanísticos del Derecho Europeo e Iberoamericano, Boletín Oficial del Estado, Madrid, 2019, Págs. 163-181.</p>
<p>“Fundamentos romanisticos del legatum rei alienae”, en Fundamentos del derecho sucesorio actual. Marcial Pons. 2018. Págs. 581-598.</p>
<p>“La responsabilidad en la locatio-conductio operis: algunas consideraciones desde la perspectiva de los bonae fidei iudicia”. En  A locatio-conductio influência nos direitos atuais. Universidade Lusíada, 2018.</p>
<p>“On the reception of the praesumptio muciana into Spanish Law”, en RIDROM: Nº. 18, 2017, págs. 62-87.</p>
<p>“Algunas consideraciones sobre la praesumptio muciana en el derecho romano y su recepción en el derecho catalán”, En coautoría con Domínguez, P. En Homenaje Torrent. Dykinson, 2016. Págs. 251-273.</p>
<p>“El control de transparencia bancario: una aplicación actual del principio in ambiguis contra stipulatorem en las clausulas predispuestas”, en Derecho de obligaciones: la importancia del derecho romano en la época contemporánea. Bologna University Press. 2016. Págs. 473-491.</p>
<p>“La actio exercitoria como medio para garantizar la seguridad jurídica en el tráfico negocial marítimo”. En La actividad de la banca y los negocios mercantiles en el Mare Nostrum. THOMSON. 2015. Págs. 253-270.</p>
<p>&#8220;Evolución de la naturaleza de la emptio venditio por la progresiva incorporación de la forma escrita en la práctica contractual romana”, en Revista Jurídica de FA7, <a href="https://dialnet.unirioja.es/ejemplar/487780">Vol. 12, Nº. 1, 2015</a>, págs. 121-142.</p>
<p>&#8220;Una reflexión actual del principio de interpretación in ambiguitas contra stipulationem&#8221;, en RIDROM, nº 15, 2015.</p>
<p>Consideraciones en torno a la res quae publicis usibus destinatae sunt. En Fundamenta Iuris. Terminología, principios e interpretatio. UNEO. 2013. Págs. 167-179.</p>
<p>Concepto y naturaleza jurídica de la legítima en derecho sucesorio español: precedentes y actualidad. RIDROM, nº 10. 2013, pp. 331-376.</p>
<p>El vínculo de parentesco como fundamento de incapacidades y prohibiciones matrimoniales. <a href="https://dialnet.unirioja.es/servlet/revista?codigo=12452">RIDROM</a>, <a href="https://dialnet.unirioja.es/ejemplar/301228">Nº. 8, 2012</a>, págs. 228-273</p>
<p><em>Igualdad y filiación: Estudio de la discriminación de los hijos por razón de su nacimiento</em><em>, </em>ref. Ed. Thomson-Reuters-Aranzadi. Navarra. 2011.</p>
<p><em> &#8220;</em>Consideraciones en torno a las res quae publici usibus destinatae sunt&#8221;, en <em>Fundamenta Iuris: terminología, principios e interpretatio</em>. Almería. 2011, págs. 167-178.</p>
<p>La reforma política de Diocleciano. En Estudios sobre Diocleciano, Dikynson. Madrid, 2010. Págs. 181-196.</p>
<p>Qui alieniam rem vendiderit. Incidencia del dolo en las transmisiones a non domino en el derecho romano clásico. Revista General de Derecho Romano. IUSTEL, nº 14, junio 2010.</p>
<p>Consideración del Constitutum debiti como garantía personal abstracta. Revista de la Facultade de Direito da Universidade de Lisboa. Ediçao especial. O sistema contractual romano: de Roma ao Direito actual. Maio 2010.</p>
<p>&#8220;Génesis y desarrollo de las instituciones políticas y jurídicas de la república romana&#8221;, en <em>Cine y Derecho en trece películas</em>. 2008, págs. 45-67.</p>
<p><em>Adaptación al Espacio Europeo de Educación Superior de los métodos docentes y sistemas de evaluación en la enseñanza del Derecho Romano. </em>AIDROM. 2008, ISSN: 1988-740X.</p>
<p>&#8220;Incidencia del instrumentum en la concepción consensual de la emptio-venditio<em>&#8220;, </em><em>El Derecho Comercial: de Roma al Derecho moderno</em>. Las Palmas de Gran Canaria, 2007, págs. 719-745.</p>
<p><em>Conceptus nondum natus en el Derecho Romano: Régimen sucesorio,</em> Madrid. 2002.</p>
<p><a href="https://dialnet.unirioja.es/servlet/autor?codigo=339578">Perfil Dialnet Eva María Polo Arévalo</a></p>

<p>Eva María Polo Arévalo és Professora Titular del Departament de Ciència Jurídica de la Universitat Miguel Hernández i Directora del grup d&#8217;investigació *GIMARC.<br />
Doctora en Dret l&#8217;any 2002 per la tesi defesa sota el títol *Conceptus *nondum *natus en el Dret Romà: Règim successori, va obtindre la qualificació d&#8217;Excel·lent cum laude per unanimitat. Va obtindre el [&#8230;]</p>
