{"id":46,"date":"2024-11-06T18:44:14","date_gmt":"2024-11-06T17:44:14","guid":{"rendered":"https:\/\/mediacion-gimarc.umh.es\/?page_id=46"},"modified":"2024-12-08T11:04:24","modified_gmt":"2024-12-08T10:04:24","slug":"alfonso-ortega-gimenez","status":"publish","type":"page","link":"https:\/\/mediacion-gimarc.umh.es\/ca\/colaboradores\/alfonso-ortega-gimenez\/","title":{"rendered":"<span lang=\"es\">(Espa\u00f1ol) Alfonso Ortega Gim\u00e9nez<\/span>"},"content":{"rendered":"<p>Doctor en Dret, 2014; Premi extraordinari de Doctorat, 2018; Llicenciat en Dret, 2000; i, M\u00e0ster en Comer\u00e7 Internacional tamb\u00e9 per la Universitat d&#8217;Alacant, 2001. Professor Titular de Dret internacional privat de la Universitat Miguel Hern\u00e1ndez d&#8217;Elx. Vicedeg\u00e0 de Grau en Dret de la Facultat de Ci\u00e8ncies Socials i Jur\u00eddiques d&#8217;Elx. Subdirector del M\u00e0ster en Comer\u00e7 Internacional, organitzat per la Universitat d&#8217;Alacant durant els cursos acad\u00e8mics 2007\/2008 a 2017\/2018. Director del M\u00e0ster en l\u00ednia en Internacionalitzaci\u00f3 de l&#8217;Empresa (*MIE), organitzat per l&#8217;Institut Superior de Dret i Economia (*ISDE). Director de l&#8217;Observatori Provincial de la Immigraci\u00f3 d&#8217;Alacant. Reconeguts els Sexennis d&#8217;Investigaci\u00f3 corresponents al tram 2009-2017 *CNEAI (Data concessi\u00f3: 21\/06\/18) i al tram 2010-2016. *AVAP (Data concessi\u00f3: 18\/01\/18). Acad\u00e8mic d&#8217;Honor de l&#8217;Acad\u00e8mia Internacional de Ci\u00e8ncies, Tecnologia, Educaci\u00f3 i Humanitats. Conseller acad\u00e8mic del despatx d&#8217;Advocats LLAURA I ASSOCIATS, amb seu principal a Alacant i oficines a M\u00farcia, Madrid i Pequ\u00edn (la Xina). Ha sigut Conseller Acad\u00e8mic del despatx PELLICER &amp; HEREDIA ADVOCATS, fins a abril de 2020. Ha sigut Director de l&#8217;Observatori de la Immigraci\u00f3 de la ciutat d&#8217;Elx, des de desembre de 2011 fins a agost 2015; i \u00e9s Vocal de l&#8217;Observatori Valenci\u00e0 de la Immigraci\u00f3.<\/p>","protected":false},"excerpt":{"rendered":"<p>Doctor en Dret, 2014; Premi extraordinari de Doctorat, 2018; Llicenciat en Dret, 2000; i, M\u00e0ster en Comer\u00e7 Internacional tamb\u00e9 per la Universitat d&#8217;Alacant, 2001. Professor Titular de Dret internacional privat de la Universitat Miguel Hern\u00e1ndez d&#8217;Elx. Vicedeg\u00e0 de Grau en Dret de la Facultat de Ci\u00e8ncies Socials i Jur\u00eddiques d&#8217;Elx. Subdirector del M\u00e0ster en Comer\u00e7 [&#8230;]<\/p>\n","protected":false},"author":195,"featured_media":0,"parent":11,"menu_order":3,"comment_status":"closed","ping_status":"closed","template":"","meta":{"_links_to":"","_links_to_target":""},"_links":{"self":[{"href":"https:\/\/mediacion-gimarc.umh.es\/ca\/wp-json\/wp\/v2\/pages\/46"}],"collection":[{"href":"https:\/\/mediacion-gimarc.umh.es\/ca\/wp-json\/wp\/v2\/pages"}],"about":[{"href":"https:\/\/mediacion-gimarc.umh.es\/ca\/wp-json\/wp\/v2\/types\/page"}],"author":[{"embeddable":true,"href":"https:\/\/mediacion-gimarc.umh.es\/ca\/wp-json\/wp\/v2\/users\/195"}],"replies":[{"embeddable":true,"href":"https:\/\/mediacion-gimarc.umh.es\/ca\/wp-json\/wp\/v2\/comments?post=46"}],"version-history":[{"count":0,"href":"https:\/\/mediacion-gimarc.umh.es\/ca\/wp-json\/wp\/v2\/pages\/46\/revisions"}],"up":[{"embeddable":true,"href":"https:\/\/mediacion-gimarc.umh.es\/ca\/wp-json\/wp\/v2\/pages\/11"}],"wp:attachment":[{"href":"https:\/\/mediacion-gimarc.umh.es\/ca\/wp-json\/wp\/v2\/media?parent=46"}],"curies":[{"name":"wp","href":"https:\/\/api.w.org\/{rel}","templated":true}]}}

<span lang="es">(Español) Alfonso Ortega Giménez</span>

<p>Doctor en Dret, 2014; Premi extraordinari de Doctorat, 2018; Llicenciat en Dret, 2000; i, Màster en Comerç Internacional també per la Universitat d&#8217;Alacant, 2001. Professor Titular de Dret internacional privat de la Universitat Miguel Hernández d&#8217;Elx. Vicedegà de Grau en Dret de la Facultat de Ciències Socials i Jurídiques d&#8217;Elx. Subdirector del Màster en Comerç Internacional, organitzat per la Universitat d&#8217;Alacant durant els cursos acadèmics 2007/2008 a 2017/2018. Director del Màster en línia en Internacionalització de l&#8217;Empresa (*MIE), organitzat per l&#8217;Institut Superior de Dret i Economia (*ISDE). Director de l&#8217;Observatori Provincial de la Immigració d&#8217;Alacant. Reconeguts els Sexennis d&#8217;Investigació corresponents al tram 2009-2017 *CNEAI (Data concessió: 21/06/18) i al tram 2010-2016. *AVAP (Data concessió: 18/01/18). Acadèmic d&#8217;Honor de l&#8217;Acadèmia Internacional de Ciències, Tecnologia, Educació i Humanitats. Conseller acadèmic del despatx d&#8217;Advocats LLAURA I ASSOCIATS, amb seu principal a Alacant i oficines a Múrcia, Madrid i Pequín (la Xina). Ha sigut Conseller Acadèmic del despatx PELLICER &amp; HEREDIA ADVOCATS, fins a abril de 2020. Ha sigut Director de l&#8217;Observatori de la Immigració de la ciutat d&#8217;Elx, des de desembre de 2011 fins a agost 2015; i és Vocal de l&#8217;Observatori Valencià de la Immigració.</p>

<p>Doctor en Dret, 2014; Premi extraordinari de Doctorat, 2018; Llicenciat en Dret, 2000; i, Màster en Comerç Internacional també per la Universitat d&#8217;Alacant, 2001. Professor Titular de Dret internacional privat de la Universitat Miguel Hernández d&#8217;Elx. Vicedegà de Grau en Dret de la Facultat de Ciències Socials i Jurídiques d&#8217;Elx. Subdirector del Màster en Comerç [&#8230;]</p>
